 be the third derivative of m**5/60 + m**4/12 - m**3/6 - 12*m**2. Suppose 0*t + 4*t - v - 6 = 0, 2*v = 4. What is the units digit of b(t)?
7
Let a(r) = -r**3 - 3*r**2 - 2*r - 3. Let j be a(-3). What is the units digit of (-2)/6*-1*j?
1
Let c(o) = 0*o + o + 5*o - 4 - o**2 - 1. What is the units digit of c(4)?
3
Suppose 0*p = 2*p - 68. Let a = p - 11. Suppose a - 7 = g. What is the units digit of g?
6
Let w(p) be the third derivative of -p**4/24 + 2*p**2. What is the units digit of w(-8)?
8
Suppose -5*i = 4*g + 1731, -2*i - 830 = -3*g - 2134. What is the units digit of (-2)/(-8) + g/(-56)?
8
Let q = 16 + 2. What is the units digit of (3 + -4)/((-1)/q)?
8
Let r(j) = -2*j**2 + 9*j - 3. Let l be r(7). Let v = 70 + l. What is the tens digit of v?
3
Suppose -4*x - 5*s + 204 = 0, -4*x - s + 172 = -4*s. What is the units digit of x?
6
Let h be (-7 + 0)/(1 - 0). Let q = 12 + h. What is the units digit of q?
5
Suppose -19 = -3*y - 7. What is the units digit of ((-5)/y)/(5/(-20))?
5
Let b(w) = w**3 - w**2 - w - 4. Let s be b(0). Let p = s + 8. Suppose -2*n + 8 = -2*q, -4*q = -3*n + p + 7. What is the units digit of q?
1
Suppose 4*v = 4*y - 416, -2*y - v + 406 = 2*y. What is the tens digit of y?
0
Let l = 27 + -8. What is the tens digit of l?
1
Suppose 0*p + 262 = 2*x - 2*p, 8 = 2*p. What is the hundreds digit of x?
1
Let d be 1/6 + 2/(-12). Suppose l + 3*l - 20 = d. What is the units digit of l?
5
Suppose l - 4*l + 12 = 0. Suppose l*h + 9 = -7. Let d = 1 - h. What is the units digit of d?
5
Let f be 3 - (18 + -2)/(-4). Let l be 4*((-1)/2 - 1). Let z = f - l. What is the units digit of z?
3
Suppose 4*v - 8 + 0 = 0, -m - 3*v = -12. What is the units digit of ((-2)/m)/((-1)/24)?
8
Let a be (10 + -8)/(4/14). Suppose 8 = -3*c + a*c. Suppose 2*j + 5*r - 5 = 0, c*j - 5*r = -3*r + 26. What is the tens digit of j?
1
Let l(y) = -2 + 7*y - 2 - 5*y - 4*y. Let w be l(-5). What is the units digit of (-55)/(-3) - (-4)/w?
9
Let y(l) = -l**3 - 10*l**2 + 3. Let u be y(-10). Suppose 0*m - u*f + 4 = -m, f + 6 = 4*m. Suppose 3*t - 45 = -m*t. What is the units digit of t?
9
Let t(a) = 2*a - 2. Let p be t(4). Let w = p - 5. What is the units digit of w?
1
Let p(f) = f**3 - 8*f**2 + 4. Let o be p(8). Suppose -2*l = -q - 5, -q - 2*q - 15 = -o*l. Let y = 4 - l. What is the units digit of y?
4
Suppose l = 3*l + 16. Let g = l - -19. What is the units digit of g?
1
Let q be (20/6)/((-24)/(-36)). Suppose 0*l + z - 70 = -q*l, 3*z = -4*l + 67. What is the tens digit of l?
1
Suppose 0 = -5*r + 2*r - 3*j + 69, -2*j + 73 = 3*r. What is the tens digit of r?
2
Suppose -5*m + 192 = -133. Suppose -r - m = -6*r. What is the units digit of r?
3
Let v(a) = -a**2 - 17*a + 25. What is the units digit of v(-15)?
5
Suppose 2*c - 37 = h, -c + 2*c - 3*h - 31 = 0. Suppose -2*a = -0*a - 2*w + c, 5*a + 4*w = 5. What is the units digit of 5 + 1 + a + 6?
9
What is the units digit of -3*5/(-30)*124?
2
Let z = 15 + -9. Let c = -3 + z. What is the units digit of 1 - 6/c - -2?
1
Let s be -3 - (3*-3 - -3). Suppose s*p - 24 = 9. What is the tens digit of p?
1
Let h(o) = o**2 - 7*o - 4. Let x(n) = 5*n. Let m be x(2). What is the units digit of h(m)?
6
Let y(z) = 17*z + 41. What is the hundreds digit of y(8)?
1
Let b be (-3)/6*-2*-9. Let r(w) = w**3 + 9*w**2 - w - 6. Let z be r(b). Suppose 4*h - 9 = 3*u, -5*u - 7 = -z*h - h. What is the units digit of h?
3
Suppose 132*w + 725 = 137*w. What is the tens digit of w?
4
Let h(s) = s**2 + 6*s + 4. Let m be h(-6). What is the units digit of 1 - -4 - m - -4?
5
Let l(i) be the second derivative of 8*i**5/5 + i**4/6 - i**2/2 - 2*i. What is the tens digit of l(1)?
3
Suppose -5*q = k - 54, -q - 64 = -3*k + k. What is the units digit of k?
4
Let r(d) = d**2 - 18*d + 31. What is the units digit of r(20)?
1
Let u be (14 - 1/1)/1. Let v = 20 - u. Suppose -j + 3 = v, 0 = 4*c - 5*j - 32. What is the units digit of c?
3
Suppose -w = 2*w - 4*i - 237, -i + 158 = 2*w. What is the tens digit of w?
7
Let f(d) = -6*d - 10. What is the units digit of f(-7)?
2
Let t(o) be the first derivative of o**4/4 - 5*o**3/3 + 2*o**2 - 5*o + 1. Let n be t(4). Let r(a) = a**2 + 5*a + 3. What is the units digit of r(n)?
3
Let v(t) = t + 6. Let r be v(-5). Let o = r - -2. What is the units digit of o?
3
Let q be (-1 + 5 - 2) + 1. Suppose -j = q*j - 52. What is the units digit of j?
3
Let j = 216 - 141. What is the units digit of j?
5
Suppose -s + 0*d + 3*d + 21 = 0, -4*s + 2*d + 74 = 0. Suppose 5*n + 2*r + r - 107 = 0, -2*n + s = -5*r. What is the tens digit of n?
1
Suppose -49 = -5*y + 51. Suppose 0 = -5*j + 25 + y. What is the units digit of j?
9
Suppose 3*n = 13 + 5. Suppose -n*g = -4*g. Suppose -2*k - 5*r - 16 = 0, 4*r + 8 = -4*k - g*r. What is the units digit of k?
2
Let i(x) = -13*x**3 - 1. Let n be i(1). Suppose 81 = 4*q - 5*l, -2*q + 0*l + 38 = -2*l. What is the units digit of (-4)/n - (-122)/q?
9
Let l be (-4)/22 + 1082/22. Let o = 70 - l. What is the units digit of o?
1
Let h = -168 + 260. What is the tens digit of h?
9
Let r(v) = -v**3 - 7*v**2 - 6*v + 8. Let l(c) = -4*c**2 + 2*c**2 - 4*c + 0*c**2. Let d be l(-3). What is the units digit of r(d)?
8
Suppose l - 9 = -2*l. Let z(b) = -5*b**l - b**2 + 1 - 2 + b**2 - b. What is the units digit of z(-1)?
5
Suppose 384 = -3*m - 255. Let z be (-2)/(-8) + m/(-12). Suppose c - z = -c. What is the units digit of c?
9
Suppose -20*c + 22*c - 36 = 0. What is the tens digit of c?
1
Suppose -123 = 2*r - 5*r. Suppose 4*s = 109 - r. What is the units digit of s?
7
Let d be -1*14*(-1 + 0). Suppose f = d - 3. What is the units digit of f?
1
Suppose 0 = -2*g + 6*g + 5*t - 49, -2*t = -g + 9. Suppose -p + 46 = 3*a, -3*a + 4*a - g = 4*p. What is the units digit of a?
5
What is the tens digit of 4 + (-44)/(-4)*4?
4
Let k be -2 + 0 + 2 + 0. Suppose k = j - 0*j - 3. What is the units digit of j?
3
Let s(t) = t + 10. Let h be s(-6). Suppose v = -h*v + 110. What is the units digit of v?
2
What is the units digit of 222/8*-1*8/(-3)?
4
Let r(o) = 5*o - 1. Let l be r(6). Suppose -l = -n + 7. Suppose 0 = f + 3*f - n. What is the units digit of f?
9
Let d(q) = -q**3 + 5*q**2 - 4*q + 3. Let l be d(4). Let b(r) = r**2 - 2*r - 1. What is the units digit of b(l)?
2
Suppose -5*m = 1 - 6. Let g(j) = 4*j + 2 - 1 + 3*j. What is the units digit of g(m)?
8
Let m = -456 - -761. What is the hundreds digit of m?
3
Let y be 1 - (2 + (3 - 3)). Let l(i) = -24*i**3 + i**2 + 2*i + 1. What is the units digit of l(y)?
4
Let x(a) be the first derivative of -a**4/4 - 11*a**3/3 - 5*a**2 + 3*a - 1. Let n be x(-10). Suppose -2*j - n = -19. What is the units digit of j?
8
Suppose y - 192 = 2*n - 806, 0 = -n + 3*y + 312. What is the hundreds digit of n?
3
Suppose -q - 4*d + 33 = -d, -4*q + 100 = -4*d. What is the units digit of q?
7
Let w(d) = -124*d + 2. What is the hundreds digit of w(-1)?
1
Let v(o) = -23*o - 7. What is the tens digit of v(-1)?
1
Let y = 6 + -15. Let o = y + 13. Let w(g) = -g**3 + 5*g**2 - 2*g + 6. What is the tens digit of w(o)?
1
Let t = -98 + 149. What is the units digit of t?
1
Let v(w) = 4*w + 4. Let d be v(-5). Suppose 0 = -5*x + 4*y + 2 + 1, 5*y - 30 = -5*x. What is the units digit of x*d/(-18)*3?
8
Suppose 2*k - 2 = -4. Let n be 0 + 1 - 6/k. Suppose -3*b + 2 + n = 0. What is the units digit of b?
3
Let m(f) = -f**3 + 4*f**2 + f. Let o be m(4). Let h(y) = y**2 - 2*y - 3. Let x be h(o). Suppose p = -x*b + 4 - 1, -2*p - 3 = b. What is the units digit of b?
1
Let o(m) = 3*m**2 + 10*m - 4. What is the units digit of o(-5)?
1
Let n(d) = 3*d**2 + 4*d - 3. Let q(x) = -4*x**2 - 3*x + 2. Let w(o) = 5*n(o) + 4*q(o). Let r = -9 - -15. What is the units digit of w(r)?
5
Let k(x) = -x**3 - 7*x**2 - 6*x + 4. Let i be k(-6). Suppose 2*s - 1 = 5*l + 2, 2*s + i*l = 30. What is the units digit of s?
9
Suppose -9 = -2*q + 207. What is the hundreds digit of q?
1
Suppose 5*j = -4*k + 41, 2*k - 1 = j + 2. Let s = j + 0. What is the units digit of s?
5
Let m be 20/(-15)*(-3)/(-2). Let n = -1 - m. What is the units digit of -1 + (3 - -10 - n)?
1
Let z(d) = 3*d**2 - 1. Let m be z(1). Suppose h = x + 3*x - 11, -x = 5*h - 50. Suppose -p + h = m*p. What is the units digit of p?
3
Suppose -7*n + 5*n = -58. What is the tens digit of n?
2
Let c be (-14)/(-4) + (-3)/(-2). Suppose 3*w = c - 2. Let f(z) = 4